{"id":19679,"date":"2020-05-25T14:37:20","date_gmt":"2020-05-25T12:37:20","guid":{"rendered":"https:\/\/www.prachelle.com\/non%20class\u00e9\/portor-dark-golden-marble-leggings\/"},"modified":"2020-05-18T21:17:54","modified_gmt":"2020-05-18T19:17:54","slug":"portor-legging-noir-marbre-dore","status":"publish","type":"product","link":"https:\/\/www.prachelle.com\/fr\/leggings-france\/portor-legging-noir-marbre-dore\/","title":{"rendered":"Portor | Legging Noir Marbre Dor\u00e9"},"content":{"rendered":"<p>Combinez l&rsquo;artistique de l&rsquo;or avec la profondeur du noir avec ce legging \u00e0 taille haute fabriqu\u00e9 \u00e0 la main. Ce legging noir est d\u00e9cor\u00e9 de marbrures dor\u00e9es qui parcourt l&rsquo;ensemble du legging. Vous serez surprise du confort incroyable et de la solidit\u00e9 de son \u00e9lasticit\u00e9 d\u00e8s que vous le mettrez, avec un tissu extra-doux pour des s\u00e9ances de sport amplifi\u00e9es. Fait main avec un fil de microfibre doux, durable et confortable, le tissu dispose d&rsquo;une technologie de s\u00e9chage rapide de la transpiration. D\u00e9cor\u00e9e du logo Prachelle dor\u00e9, la ceinture montante est \u00e9lastique sans comprimer le ventre. Tout a \u00e9t\u00e9 pens\u00e9 pour vous garantir un legging magnifique et technique.<\/p>\n","protected":false},"excerpt":{"rendered":"<p>Combinez l&rsquo;artistique de l&rsquo;or avec la profondeur du noir avec ce legging \u00e0 taille haute fabriqu\u00e9 \u00e0 la main.<\/p>\n","protected":false},"featured_media":19647,"comment_status":"open","ping_status":"closed","template":"","meta":{"_acf_changed":false,"inline_featured_image":false},"product_brand":[],"product_cat":[622,639],"product_tag":[644],"class_list":{"0":"post-19679","1":"product","2":"type-product","3":"status-publish","4":"has-post-thumbnail","6":"product_cat-leggings-france","7":"product_cat-en-promo-fr","8":"product_tag-prachelle-fr","10":"first","11":"instock","12":"sale","13":"taxable","14":"shipping-taxable","15":"purchasable","16":"product-type-variable","17":"has-default-attributes"},"acf":[],"_links":{"self":[{"href":"https:\/\/www.prachelle.com\/fr\/wp-json\/wp\/v2\/product\/19679","targetHints":{"allow":["GET"]}}],"collection":[{"href":"https:\/\/www.prachelle.com\/fr\/wp-json\/wp\/v2\/product"}],"about":[{"href":"https:\/\/www.prachelle.com\/fr\/wp-json\/wp\/v2\/types\/product"}],"replies":[{"embeddable":true,"href":"https:\/\/www.prachelle.com\/fr\/wp-json\/wp\/v2\/comments?post=19679"}],"wp:featuredmedia":[{"embeddable":true,"href":"https:\/\/www.prachelle.com\/fr\/wp-json\/wp\/v2\/media\/19647"}],"wp:attachment":[{"href":"https:\/\/www.prachelle.com\/fr\/wp-json\/wp\/v2\/media?parent=19679"}],"wp:term":[{"taxonomy":"product_brand","embeddable":true,"href":"https:\/\/www.prachelle.com\/fr\/wp-json\/wp\/v2\/product_brand?post=19679"},{"taxonomy":"product_cat","embeddable":true,"href":"https:\/\/www.prachelle.com\/fr\/wp-json\/wp\/v2\/product_cat?post=19679"},{"taxonomy":"product_tag","embeddable":true,"href":"https:\/\/www.prachelle.com\/fr\/wp-json\/wp\/v2\/product_tag?post=19679"}],"curies":[{"name":"wp","href":"https:\/\/api.w.org\/{rel}","templated":true}]}}

https://www.prachelle.com/non%20classé/portor-dark-golden-marble-leggings/

Portor | Legging Noir Marbre Doré

<p>Combinez l&rsquo;artistique de l&rsquo;or avec la profondeur du noir avec ce legging à taille haute fabriqué à la main. Ce legging noir est décoré de marbrures dorées qui parcourt l&rsquo;ensemble du legging. Vous serez surprise du confort incroyable et de la solidité de son élasticité dès que vous le mettrez, avec un tissu extra-doux pour des séances de sport amplifiées. Fait main avec un fil de microfibre doux, durable et confortable, le tissu dispose d&rsquo;une technologie de séchage rapide de la transpiration. Décorée du logo Prachelle doré, la ceinture montante est élastique sans comprimer le ventre. Tout a été pensé pour vous garantir un legging magnifique et technique.</p>

<p>Combinez l&rsquo;artistique de l&rsquo;or avec la profondeur du noir avec ce legging à taille haute fabriqué à la main.</p>
