{"id":11845,"date":"2020-05-07T22:58:56","date_gmt":"2020-05-27T23:16:44","guid":{"rendered":"https:\/\/www.prachelle.com\/non%20class\u00e9\/pink-scratches-black-classy-capri\/"},"modified":"2020-05-28T01:16:44","modified_gmt":"2020-05-27T23:16:44","slug":"pink-scratches-capris-noirs-elegants","status":"publish","type":"product","link":"https:\/\/www.prachelle.com\/fr\/capris-france\/pink-scratches-capris-noirs-elegants\/","title":{"rendered":"Pink Scratches | Capris Noirs \u00c9l\u00e9gants"},"content":{"rendered":"<p>Faites entrevoir un monde rose p\u00e9tillant sous le conformisme de du noir avec motif avec ces capris \u00e0 taille haute designed par les cr\u00e9atifs fran\u00e7ais de Prachelle. Ce capris, r\u00e9alis\u00e9 \u00e0 la main avec le plus grand soin, dispose d&rsquo;un tissu \u00e0 s\u00e9chage rapide pour vos workouts les plus intensifs. Squat proof, l&rsquo;ensemble est r\u00e9alis\u00e9 avec un fil de microfibre doux, durable et confortable, pour un capri solide aux couleurs qui durent longtemps. La ceinture montante de ce capri \u00e0 taille haute est incroyablement \u00e9lastique et ne compresse pas le ventre, pour un confort maximal.<\/p>\n","protected":false},"excerpt":{"rendered":"<p>Faites entrevoir un monde rose p\u00e9tillant sous le conformisme de du noir avec motif avec ces capris \u00e0 taille haute designed par les cr\u00e9atifs fran\u00e7ais de Prachelle.<\/p>\n","protected":false},"featured_media":14094,"comment_status":"open","ping_status":"closed","template":"","meta":{"_acf_changed":false,"inline_featured_image":false},"product_brand":[],"product_cat":[612],"product_tag":[644],"class_list":{"0":"post-11845","1":"product","2":"type-product","3":"status-publish","4":"has-post-thumbnail","6":"product_cat-capris-france","7":"product_tag-prachelle-fr","9":"first","10":"instock","11":"taxable","12":"shipping-taxable","13":"purchasable","14":"product-type-variable","15":"has-default-attributes"},"acf":[],"_links":{"self":[{"href":"https:\/\/www.prachelle.com\/fr\/wp-json\/wp\/v2\/product\/11845","targetHints":{"allow":["GET"]}}],"collection":[{"href":"https:\/\/www.prachelle.com\/fr\/wp-json\/wp\/v2\/product"}],"about":[{"href":"https:\/\/www.prachelle.com\/fr\/wp-json\/wp\/v2\/types\/product"}],"replies":[{"embeddable":true,"href":"https:\/\/www.prachelle.com\/fr\/wp-json\/wp\/v2\/comments?post=11845"}],"wp:featuredmedia":[{"embeddable":true,"href":"https:\/\/www.prachelle.com\/fr\/wp-json\/wp\/v2\/media\/14094"}],"wp:attachment":[{"href":"https:\/\/www.prachelle.com\/fr\/wp-json\/wp\/v2\/media?parent=11845"}],"wp:term":[{"taxonomy":"product_brand","embeddable":true,"href":"https:\/\/www.prachelle.com\/fr\/wp-json\/wp\/v2\/product_brand?post=11845"},{"taxonomy":"product_cat","embeddable":true,"href":"https:\/\/www.prachelle.com\/fr\/wp-json\/wp\/v2\/product_cat?post=11845"},{"taxonomy":"product_tag","embeddable":true,"href":"https:\/\/www.prachelle.com\/fr\/wp-json\/wp\/v2\/product_tag?post=11845"}],"curies":[{"name":"wp","href":"https:\/\/api.w.org\/{rel}","templated":true}]}}

https://www.prachelle.com/non%20classé/pink-scratches-black-classy-capri/

Pink Scratches | Capris Noirs Élégants

<p>Faites entrevoir un monde rose pétillant sous le conformisme de du noir avec motif avec ces capris à taille haute designed par les créatifs français de Prachelle. Ce capris, réalisé à la main avec le plus grand soin, dispose d&rsquo;un tissu à séchage rapide pour vos workouts les plus intensifs. Squat proof, l&rsquo;ensemble est réalisé avec un fil de microfibre doux, durable et confortable, pour un capri solide aux couleurs qui durent longtemps. La ceinture montante de ce capri à taille haute est incroyablement élastique et ne compresse pas le ventre, pour un confort maximal.</p>

<p>Faites entrevoir un monde rose pétillant sous le conformisme de du noir avec motif avec ces capris à taille haute designed par les créatifs français de Prachelle.</p>
